est common divisor of 1242 and 90?
18
What is the highest common factor of 104 and 1742?
26
What is the highest common factor of 216 and 24?
24
What is the highest common factor of 65 and 5?
5
What is the highest common divisor of 212 and 53?
53
What is the highest common factor of 56 and 56?
56
What is the greatest common divisor of 3132 and 116?
116
What is the highest common divisor of 168 and 105?
21
What is the greatest common factor of 34 and 357?
17
Calculate the greatest common divisor of 18 and 4362.
6
What is the highest common divisor of 36 and 39384?
36
Calculate the greatest common divisor of 15232 and 714.
238
What is the greatest common factor of 611 and 182?
13
What is the highest common divisor of 756 and 486?
54
Calculate the greatest common divisor of 6 and 2.
2
What is the highest common divisor of 1660 and 2822?
166
Calculate the highest common divisor of 3160 and 6715.
395
What is the highest common factor of 360 and 2040?
120
Calculate the highest common divisor of 3 and 1146.
3
Calculate the greatest common divisor of 608 and 8.
8
Calculate the greatest common divisor of 405 and 255.
15
Calculate the highest common factor of 3447 and 1915.
383
Calculate the greatest common divisor of 1197 and 38.
19
Calculate the greatest common factor of 2324 and 196.
28
What is the greatest common factor of 8 and 92?
4
What is the greatest common divisor of 7 and 2695?
7
What is the greatest common divisor of 240 and 848?
16
Calculate the greatest common factor of 85 and 1105.
85
What is the highest common divisor of 39 and 13?
13
What is the greatest common divisor of 18 and 594?
18
Calculate the highest common divisor of 45 and 20.
5
Calculate the greatest common factor of 15 and 3.
3
Calculate the greatest common factor of 21 and 28.
7
What is the greatest common factor of 19 and 3097?
19
What is the highest common factor of 4658 and 2740?
274
What is the greatest common divisor of 1038 and 18?
6
Calculate the highest common divisor of 551 and 171.
19
Calculate the greatest common factor of 3074 and 212.
106
Calculate the greatest common divisor of 155 and 2015.
155
What is the greatest common factor of 1393 and 77?
7
Calculate the greatest common factor of 1661 and 22.
11
What is the greatest common factor of 4 and 224?
4
Calculate the highest common factor of 752 and 1974.
94
What is the greatest common divisor of 590 and 80?
10
Calculate the greatest common factor of 11267 and 57.
19
Calculate the greatest common divisor of 16 and 998.
2
What is the greatest common divisor of 2987 and 309?
103
Calculate the highest common divisor of 174 and 13050.
174
Calculate the highest common divisor of 28 and 1470.
14
What is the greatest common divisor of 110 and 10?
10
What is the greatest common factor of 105 and 10?
5
What is the greatest common factor of 15 and 60?
15
Calculate the greatest common divisor of 85 and 1411.
17
Calculate the highest common factor of 155 and 20.
5
Calculate the highest common factor of 35 and 21.
7
Calculate the greatest common factor of 43 and 4859.
43
What is the greatest common factor of 180 and 1140?
60
What is the highest common divisor of 61 and 244?
61
What is the greatest common divisor of 805 and 7360?
115
What is the greatest common divisor of 13 and 143?
13
Calculate the highest common factor of 136 and 85.
17
What is the greatest common factor of 13 and 221?
13
Calculate the highest common factor of 2509 and 4.
1
What is the highest common divisor of 1152 and 12?
12
Calculate the greatest common divisor of 92 and 36.
4
Calculate the greatest common factor of 54 and 1899.
9
What is the highest common factor of 374 and 170?
34
What is the highest common divisor of 3 and 1035?
3
What is the highest common factor of 8 and 26?
2
What is the greatest common factor of 50 and 30?
10
Calculate the highest common factor of 7 and 602.
7
Calculate the highest common divisor of 9 and 261.
9
What is the highest common factor of 26 and 14898?
26
Calculate the highest common divisor of 30 and 100.
10
What is the highest common factor of 54 and 1182?
6
Calculate the greatest common divisor of 57 and 1121.
19
Calculate the highest common divisor of 296 and 8.
8
Calculate the greatest common divisor of 216 and 81.
27
Calculate the highest common divisor of 74 and 666.
74
What is the highest common divisor of 22 and 164?
2
What is the greatest common divisor of 780 and 60?
60
Calculate the greatest common factor of 3 and 573.
3
Calculate the greatest common factor of 68 and 2.
2
Calculate the highest common factor of 539 and 231.
77
What is the greatest common divisor of 16 and 236?
4
What is the greatest common divisor of 36 and 156?
12
Calculate the greatest common divisor of 21 and 3437.
7
What is the greatest common factor of 22 and 3377?
11
Calculate the highest common divisor of 9647 and 11.
11
Calculate the greatest common factor of 1470 and 60.
30
What is the greatest common factor of 40 and 740?
20
Calculate the highest common divisor of 155 and 1891.
31
What is the greatest common divisor of 6193 and 77?
11
Calculate the greatest common divisor of 11 and 5643.
11
What is the greatest common factor of 9408 and 144?
48
What is the highest common divisor of 741 and 117?
39
Calculate the greatest common divisor of 21 and 56.
7
What is the greatest common divisor of 1218 and 84?
42
Calculate the greatest common factor of 53 and 13.
1
What is the greatest common factor of 110 and 1670?
10
What is the greatest common divisor of 3 and 1101?
3
What is the greatest common divisor of 3 and 3750?
3
What is the highest common divisor of 16 and 1284?
4
What is the greatest common factor of 40 and 8?
8
Calculate the highest common divisor of 10591 and 17.
17
Calculate the highest common factor of 299 and 391.
23
Calculate the greatest common factor of 234 and 24.
6
What is the highest common factor of 4 and 3944?
4
Calculate the greatest common divisor of 42000 and 14.
14
Calculate the highest common factor of 396 and 165.
33
Calculate the highest common factor of 2222 and 44.
22
Calculate the greatest common divisor of 44 and 44.
44
Calculate the greatest common factor of 1269 and 27.
27
Calculate the highest common divisor of 459 and 255.
51
What is the highest common factor of 22014 and 36?
18
Calculate the highest common divisor of 1554 and 63.
21
Calculate the greatest common divisor of 325 and 52.
13
Calculate the highest common divisor of 60 and 1860.
60
What is the greatest common divisor of 84 and 1992?
12
Calculate the highest common factor of 104 and 8.
8
What is the greatest common factor of 26298 and 108?
54
Calculate the greatest common factor of 16745 and 255.
85
Calculate the highest common divisor of 289 and 51.
17
What is the greatest common factor of 6 and 28?
2
Calculate the highest common divisor of 278 and 18.
2
What is the greatest common factor of 9 and 117?
9
Calculate the greatest common factor of 38 and 2470.
38
What is the highest common divisor of 219 and 39201?
219
What is the greatest common factor of 345 and 1219?
23
What is the highest common divisor of 287 and 7?
7
What is the greatest common divisor of 224 and 504?
56
Calculate the greatest common divisor of 319 and 29.
29
Calculate the highest common factor of 196 and 4067.
49
Calculate the greatest common divisor of 52 and 39.
13
What is the greatest common divisor of 64 and 4000?
32
What is the greatest common divisor of 1965 and 15?
15
Calculate the highest common divisor of 77 and 7.
7
What is the greatest common factor of 260 and 52?
52
Calculate the greatest common divisor of 266 and 114.
38
Calculate the greatest common factor of 175 and 105.
35
Calculate the greatest common factor of 603 and 469.
67
Calculate the highest common factor of 260 and 10530.
130
What is the greatest common factor of 5 and 1025?
5
Calculate the greatest common divisor of 1325 and 53.
53
Calculate the highest common divisor of 1276 and 220.
44
What is the highest common factor of 46 and 7751?
23
What is the greatest common divisor of 250 and 25?
25
What is the highest common divisor of 93 and 651?
93
What is the greatest common divisor of 1040 and 65?
65
What is the highest common divisor of 4602 and 1482?
78
Calculate the greatest common factor 